= -s + 7, s - 12 - 1 = -3*l. Suppose -s*x + 4 = -4. Determine i(x).
6
Let l(h) = h**2 - 2*h - 4. Let q(o) = o**3 + 6*o**2 - 3*o - 15. Let m be q(-6). Determine l(m).
-1
Let b(u) = -4 - 4*u**2 + u**3 + 2*u - 3 - 2*u**3. Calculate b(-5).
8
Let p(s) = 9*s + 2. Let d(i) = -1. Let y = -2 + 7. Suppose 0*k - y = 5*k. Let m(n) = k*p(n) - 3*d(n). Calculate m(1).
-8
Let b(x) = -5*x + 5. Let y(i) = 4*i - 4. Let d be 7/(-2) - (-1)/2. Let h(m) = d*y(m) - 2*b(m). Let k = -3 + 5. What is h(k)?
-2
Let p(w) be the third derivative of w**6/120 - w**5/15 + w**4/24 + w**3/6 - 2*w**2. Let u = 5 - 2. What is p(u)?
-5
Let o(l) be the first derivative of -l**7/840 - l**6/72 + l**5/60 + l**4/8 - 2*l**3/3 + 2. Let d(s) be the third derivative of o(s). Determine d(-5).
-7
Let b = 9 + -6. Suppose 2*o + 3*x = -2*o + 37, -b*x = -5*o + 26. Let i(z) = -z**3 + 6*z**2 + 8*z. What is i(o)?
7
Let o(l) = l**3 - 4*l**2 + l - 1. Let q = 15 + -13. Suppose 15 = 3*m + 3*b, 3*b - 5 + q = 0. Determine o(m).
3
Let g(i) = -i - 2. Suppose -2 = -o - 4. Let q be 4/o*1/1. What is g(q)?
0
Let y(q) be the first derivative of q**3/3 + 2*q**2 - 7*q - 5. Give y(-5).
-2
Let h(x) = x**2 - 6*x + 3. Let f(q) = q + 10. Let b be f(-7). Suppose b*o - 11 = 1. What is h(o)?
-5
Let h(u) = u**2 + 3*u - 2. Let b(o) = -4*o - 1. Let c be b(1). Let a(k) = k + 3. Let j be a(c). Give h(j).
-4
Let z(u) be the first derivative of -4*u + 1/2*u**2 + 3. Determine z(-3).
-7
Let j(b) be the third derivative of b**6/120 + 7*b**5/60 + b**4/3 + b**3/2 - 32*b**2. Calculate j(-6).
-9
Let i(j) = -239*j + 1 + 239*j + j**2. Let k(c) = 2*c**3 - c**2 - 2*c - 1. Let o be k(-1). Determine i(o).
5
Let l(n) be the third derivative of n**6/120 - n**5/12 + n**4/6 + 48*n**2. Give l(4).
0
Let k be 1 - (-4 + -7 + -1). Let n(m) = -k*m + 3 + 15*m + 0. Give n(-3).
-3
Let z be (4 + (-6)/4)/((-2)/4). Let p(f) = -f**3 - 5*f**2 - f + 3. What is p(z)?
8
Let y(x) = -51*x + 2. Let z(c) = 26*c - 1. Let k(r) = -2*y(r) - 5*z(r). Give k(-1).
29
Let x(v) = -6*v**3 - 3*v**2 + 2*v + 5. Let p(s) = -12*s**3 - 5*s**2 + 3*s + 9. Let w(d) = 4*p(d) - 7*x(d). Let a = 242 + -241. Determine w(a).
-6
Let o = -20 + 36. Suppose 3*i = -i - o. Let q(z) be the first derivative of -z**4/4 - 4*z**3/3 - z**2/2 + 4*z - 1. Give q(i).
8
Let s be (-100)/(-3)*48/40. Let z(g) = s + 2*g - 41 + 0*g. Determine z(-3).
-7
Let w(b) = 5*b**2 - b - 8. Let c(q) = -4*q**2 + q + 7. Suppose 4*g - 16 = -4*u, 3 = 4*g + 2*u - 15. Let o(a) = g*w(a) + 6*c(a). Calculate o(-2).
4
Let f(a) = -a**3 - 3*a**2 + 5*a - 1. Suppose 5*l - 2*p + 26 = 4, 0 = 2*l + p + 7. Calculate f(l).
-5
Let m(p) = p + 5. Let c(i) = -2*i - 11. Let l(s) = 4*c(s) + 7*m(s). Give l(-6).
-3
Let c(t) = 6*t - 1. Let w be c(-1). Let d(o) = -o**3 - 6*o**2 + 7*o + 7. Let n be d(w). Suppose 4*z - 1 = n. Let g(f) = 2*f**2 - 3*f + 2. What is g(z)?
4
Suppose -3*v = -8 + 2. Let x(d) = 4 + 0 + 2*d - 3*d - v*d. What is x(3)?
-5
Let l be 40/(-16)*(-2 + 0). Suppose -l*p + 5*u + 20 = 0, p + u - 16 = -2*u. Let a(w) = w**3 - 8*w**2 + 6*w + 8. Give a(p).
1
Let s = -15 + 19. Let l(u) = u**2 - 2*u - 2. Calculate l(s).
6
Let n(i) = -i**3 + 4*i**2 + 4*i. Let j(z) = z**3 + 17*z**2 - 17*z - 5. Let m be j(-18). Let t = -18 - m. Give n(t).
-5
Suppose 4*w - 10 = -3*l, 0 = -4*w - 4*l + 3*l + 6. Let x(o) = w + 0 - 2*o**2 + 2*o**2 - 5*o + o**2. Determine x(6).
7
Let b(j) be the second derivative of -j**4/12 + 2*j**3 + 9*j**2 - 4*j. Let h be b(13). Let i(q) = -11 + q + q - q. Give i(h).
-6
Let h(k) be the first derivative of -k**4/4 + 2*k**3 + 4*k**2 - 6*k - 14. Give h(7).
1
Suppose 2*l - 4*h + 4 = -2, -2*h = 2*l - 18. Suppose -5*x + l + 0 = 0. Let y(i) be the first derivative of 3*i**3 - i**2 + i + 1. Calculate y(x).
8
Let i be (-2)/(-8) + 15/4. Let p(m) be the third derivative of -m**4/6 + m**3/3 + 6*m**2. What is p(i)?
-14
Let f = -15 + 14. Let g(b) = 4*b**2 + b + 1. Calculate g(f).
4
Let v be (-14 + 17)*5/3. Let n(p) be the first derivative of 0*p**2 + 7*p - 5/3*p**3 - 1/4*p**4 + v. Determine n(-5).
7
Let b(m) = -m**3 + 2*m**2 + 2*m + 1. Let p be (-18)/4 - 2/(-4). Let j(u) = -u**3 - 4*u**2 - 2*u - 6. Let c be j(p). What is b(c)?
5
Let u be 384/(-60) + (-6)/10. Let p(b) = 2*b + 9. Determine p(u).
-5
Let y(o) be the third derivative of o**4/8 - 5*o**3/2 - o**2. Let z(j) = -j + 5. Let i(v) = 4*y(v) + 11*z(v). Suppose 3*n + 4*c = 0, 4*n = -n - 2*c. Give i(n).
-5
Let n(a) = 3*a + 0 - 2*a - 4 - 6. Give n(0).
-10
Let p(o) = o**2 + 6*o + 2. Let m = -3 - -6. Suppose -a - 7 = -0. Let s = a + m. What is p(s)?
-6
Let u(a) = 2*a + 2*a**2 - 3 - 4*a**2 - 3*a**2. Determine u(2).
-19
Let y(v) = v**3 + 6*v**2 - 7*v + 2. Let s be y(-7). Let p(r) = -r**2 - 2 + 2 - r**2 - s + 4*r. Determine p(3).
-8
Let f(s) = -3*s + 3. Suppose 4*c = 7 + 1. Suppose -t - 2 - 2 = -3*a, -5*t + 6 = -c*a. What is f(t)?
-3
Let g(t) = t**3 - t**2 - 4*t + 3. Suppose -3*z = 4*k + 9 + 9, 3*z + 15 = -3*k. Let q be z/((-6)/9 - 0). Calculate g(q).
9
Suppose 4*s = -3*b + 7, 5*s - 3*b = 6 + 23. Suppose 5*a + j - s*j = 47, -5*j - 45 = -5*a. Let t = a - 13. Let y(q) = 2*q. Calculate y(t).
-6
Suppose 5*l = -2*z + 20 + 8, -5*z = -5*l. Suppose -z*a - 25 = 3*d, 5*a - 2*d + 5*d = -29. Let i(u) = u**3 + 5*u**2 + 2*u - 4. Give i(a).
4
Let t(i) = -5*i. Let y(l) = -6*l + 1. Let a(m) = 5*t(m) - 4*y(m). Calculate a(-11).
7
Let m = 12 + -16. Let y(t) = t**2 + 2*t - 3. What is y(m)?
5
Suppose 3*h = -2*h - 2*q, 20 = -4*q. Let z(t) = -5*t**h - 1 + 7*t**2 - 5*t**2 + t. Calculate z(1).
-3
Let q(a) = 3*a + 4. Let m = 15 + -17. Let j be q(m). Let k(t) = t**3 + t**2 - 3*t - 3. What is k(j)?
-1
Let p be ((-2)/(-5))/(4/60). Let v be (p/(-9))/(1/3). Let g(z) = z. Give g(v).
-2
Suppose -21 = -4*w + 11. Let t(x) = 0*x**2 + 1 - 1 - 1 + w*x**2. Give t(-1).
7
Let c(q) = -8*q**2 + 23 - 57 + 16 + 17. What is c(-1)?
-9
Suppose -7 = -5*v + 4*q, -2*q = -4*v - 0*q + 8. Suppose -5*l = -g + 16, v*l + 0 = -4*g - 5. Let m(n) = n**3 + n**2 - 2*n - 1. What is m(l)?
-13
Let f(a) = -5*a**3 + a**2 - 14. Let h(i) = 6*i**3 - i**2 + 14. Let g(u) = 5*f(u) + 4*h(u). Give g(0).
-14
Let p(t) = -t. Let v = 34 - 13. Let q be (v/14)/(3/32). Suppose -5*n + q = -9*n. Calculate p(n).
4
Let g(u) be the third derivative of -u**5/60 + u**4/8 + 2*u**3/3 - 6*u**2. Calculate g(4).
0
Let q be (-4)/(-10) - 13/(-5). Let d(n) = 2*n - n - n**q + 7*n**3 - 1. Suppose 11*r = -r + 12. Give d(r).
6
Let c(s) = -s**3 - 1. Let j(d) be the first derivative of 5*d**4/4 + 4*d**3/3 + d**2/2 - d - 2. Let a(q) = -4*c(q) - j(q). Determine a(-4).
9
Let s(r) = 11*r**2 + r. Let w be s(1). Suppose 0 = p + 3*p - w. Let y(l) = 2*l**2 - 6 + p*l**2 - l**2 - l**3 + 5*l. Give y(5).
-6
Suppose -4*m = 2*r - 2*m + 2, 0 = 5*m + 5. Let f be 2/(2 + 0)*r. Let n(l) be the third derivative of -l**5/60 + l**4/24 - l**3 + l**2. What is n(f)?
-6
Let c(w) = 2*w + 7. Let p(n) = n**2 - 9*n + 13. Let l be p(7). Let y(a) = a + 1. Let r(u) = l*c(u) + 3*y(u). What is r(6)?
2
Let y be (-5)/(20/(-24)) + 0. Let c(v) = -v**2 + 8*v - 7. Give c(y).
5
Let k(j) be the first derivative of 3 + 1/2*j**2 + 1/3*j**3 - 1/4*j**4 + 7*j. Let u(q) = q - 1. Let o be u(1). Determine k(o).
7
Let y(k) = k**3 + 3*k**2 + k. Let r = -5 - -1. Let n be (-9)/(-12) + (-13)/r. Let x be (0 + -1)*n/2. Calculate y(x).
2
Let u(z) = z**3 - 10*z**2 - 10. Let h be u(10). Let c = 6 + h. Let q(i) = i + 7. Calculate q(c).
3
Let c(t) = t**3 - 3*t**2 + 3*t - 1. Let b be c(3). Suppose 3*m = -m + b. Let i(a) = 1 - 6*a + m*a + 2*a. Give i(-1).
3
Let m(t) = -t + 11. Let k be m(7). Let n(b) be the third derivative of -b**4/24 - b**3/2 + b**2. Determine n(k).
-7
Suppose 2*m - 13*m = 11. Let g(n) = -12*n**2 - n - 1. What is g(m)?
-12
Let v(x) = 6 + 7 - 28 + 7*x - 6*x**2 + 11 + x**3. Let z be 37/7 + (-2)/7. Calculate v(z).
6
Let s(x) = 2*x**3 + x + 1. Let m(n) = n**3 + 13*n**2 + 12*n - 5. Let z be m(-12). Let i be 4/z + 5/(-25). Determine s(i).
-2
Let m(n) = 2*n**3 + 5*n**2 - n - 5. Let b(g) = g**3 + 2*g**2 - g - 3. Let t(p) = 5*b(p) - 3*m(p). Suppose 3 = -v - 0. Let k = -2 + v. Calculate t(k).
10
Suppose 2*n - 6 = n. Suppose -n*s + 3*s = 0. Suppose s = -4*j - i - 10, -2*i - 2*i - 4 = 4*j. Let o(x) = x**2 + 3*x + 4. What is o(j)?
4
Let b(o) = 4*o**2 - 4*o + 1. Let s(l) = 6*l - 3. Let v be s(1). Calculate b(v).
25
Let l(z) = -6*z + 3. Let d(k) = -k + 14*k - 4 - 3